{"id":2236,"date":"2021-05-05T08:48:09","date_gmt":"2021-05-05T08:48:09","guid":{"rendered":"https:\/\/thalassa.qodeinteractive.com\/?page_id=2236"},"modified":"2025-06-26T15:04:04","modified_gmt":"2025-06-26T15:04:04","slug":"our-locations","status":"publish","type":"page","link":"https:\/\/www.hilmi.com.tr\/?page_id=2236","title":{"rendered":"Hilmi Lezzetleriyle Bulu\u015fmak \u0130\u00e7in"},"content":{"rendered":"\t\t<div data-elementor-type=\"wp-page\" data-elementor-id=\"2236\" class=\"elementor elementor-2236\">\n\t\t\t\t\t\t<section class=\"elementor-section elementor-top-section elementor-element elementor-element-f60b0e0 elementor-section-full_width qodef-elementor-content-grid elementor-section-height-min-height elementor-section-items-stretch elementor-section-height-default\" data-id=\"f60b0e0\" data-element_type=\"section\">\n\t\t\t\t\t\t<div class=\"elementor-container elementor-column-gap-default\">\n\t\t\t\t\t<div class=\"elementor-column elementor-col-50 elementor-top-column elementor-element elementor-element-e193bda\" data-id=\"e193bda\" data-element_type=\"column\">\n\t\t\t<div class=\"elementor-widget-wrap elementor-element-populated\">\n\t\t\t\t\t\t<div class=\"elementor-element elementor-element-0f07019 elementor-widget elementor-widget-thalassa_core_section_title\" data-id=\"0f07019\" data-element_type=\"widget\" data-widget_type=\"thalassa_core_section_title.default\">\n\t\t\t\t<div class=\"elementor-widget-container\">\n\t\t\t\t\t<div class=\"qodef-shortcode qodef-m  qodef-section-title qodef-alignment--left \">\n\t\t<h3 class=\"qodef-m-title\" style=\"color: #001C58\">\n\t\t\t\t\tH\u0130LM\u0130 BALIK PAZARI\t\t\t<\/h3>\n\t<\/div>\n\t\t\t\t<\/div>\n\t\t\t\t<\/div>\n\t\t\t\t<div class=\"elementor-element elementor-element-f30b346 elementor-widget elementor-widget-text-editor\" data-id=\"f30b346\" data-element_type=\"widget\" data-widget_type=\"text-editor.default\">\n\t\t\t\t<div class=\"elementor-widget-container\">\n\t\t\t\t\t\t\t\t\t<p><a href=\"https:\/\/maps.app.goo.gl\/FusR2oWdQEG5uFbq6\" target=\"_blank\" rel=\"noopener\">Cumhuriyet Mahallesi Bal\u0131k Hali No:53\/54 <br \/>Fethiye, T\u00fcrkiye<\/a><\/p>\t\t\t\t\t\t\t\t<\/div>\n\t\t\t\t<\/div>\n\t\t\t\t<div class=\"elementor-element elementor-element-e546b66 elementor-widget elementor-widget-text-editor\" data-id=\"e546b66\" data-element_type=\"widget\" data-widget_type=\"text-editor.default\">\n\t\t\t\t<div class=\"elementor-widget-container\">\n\t\t\t\t\t\t\t\t\t<p><a href=\"tel:02526129192\">0 252 612 91 92<\/a><\/p><p>0 535 653 80 40<\/p>\t\t\t\t\t\t\t\t<\/div>\n\t\t\t\t<\/div>\n\t\t\t\t<div class=\"elementor-element elementor-element-e7dc2c9 elementor-widget elementor-widget-image\" data-id=\"e7dc2c9\" data-element_type=\"widget\" data-widget_type=\"image.default\">\n\t\t\t\t<div class=\"elementor-widget-container\">\n\t\t\t\t\t\t\t\t\t\t\t\t\t\t\t<img fetchpriority=\"high\" decoding=\"async\" width=\"2560\" height=\"1701\" src=\"https:\/\/www.hilmi.com.tr\/wp-content\/uploads\/2025\/06\/h3-scaled.jpg\" class=\"attachment-full size-full wp-image-8735\" alt=\"\" srcset=\"https:\/\/www.hilmi.com.tr\/wp-content\/uploads\/2025\/06\/h3-scaled.jpg 2560w, https:\/\/www.hilmi.com.tr\/wp-content\/uploads\/2025\/06\/h3-300x199.jpg 300w, https:\/\/www.hilmi.com.tr\/wp-content\/uploads\/2025\/06\/h3-1024x680.jpg 1024w, https:\/\/www.hilmi.com.tr\/wp-content\/uploads\/2025\/06\/h3-768x510.jpg 768w, https:\/\/www.hilmi.com.tr\/wp-content\/uploads\/2025\/06\/h3-1536x1021.jpg 1536w, https:\/\/www.hilmi.com.tr\/wp-content\/uploads\/2025\/06\/h3-2048x1361.jpg 2048w, https:\/\/www.hilmi.com.tr\/wp-content\/uploads\/2025\/06\/h3-600x399.jpg 600w\" sizes=\"(max-width: 2560px) 100vw, 2560px\" \/>\t\t\t\t\t\t\t\t\t\t\t\t\t\t\t<\/div>\n\t\t\t\t<\/div>\n\t\t\t\t<div class=\"elementor-element elementor-element-282bed9 elementor-widget elementor-widget-html\" data-id=\"282bed9\" data-element_type=\"widget\" data-widget_type=\"html.default\">\n\t\t\t\t<div class=\"elementor-widget-container\">\n\t\t\t\t\t<iframe src=\"https:\/\/www.google.com\/maps\/embed?pb=!1m18!1m12!1m3!1d25617.80299993051!2d29.08833111938689!3d36.62096133623544!2m3!1f0!2f0!3f0!3m2!1i1024!2i768!4f13.1!3m3!1m2!1s0x14c041617418c6b5%3A0x774cf49616ef5c1a!2sHilmi%20Restaurant!5e0!3m2!1str!2str!4v1749557779845!5m2!1str!2str\" width=\"600\" height=\"450\" style=\"border:0;\" allowfullscreen=\"\" loading=\"lazy\" referrerpolicy=\"no-referrer-when-downgrade\"><\/iframe>\t\t\t\t<\/div>\n\t\t\t\t<\/div>\n\t\t\t\t\t<\/div>\n\t\t<\/div>\n\t\t\t\t<div class=\"elementor-column elementor-col-50 elementor-top-column elementor-element elementor-element-a21dd75\" data-id=\"a21dd75\" data-element_type=\"column\">\n\t\t\t<div class=\"elementor-widget-wrap elementor-element-populated\">\n\t\t\t\t\t\t<div class=\"elementor-element elementor-element-74fc5bd elementor-widget elementor-widget-thalassa_core_section_title\" data-id=\"74fc5bd\" data-element_type=\"widget\" data-widget_type=\"thalassa_core_section_title.default\">\n\t\t\t\t<div class=\"elementor-widget-container\">\n\t\t\t\t\t<div class=\"qodef-shortcode qodef-m  qodef-section-title qodef-alignment--left \">\n\t\t<h3 class=\"qodef-m-title\" style=\"color: #001C58\">\n\t\t\t\t\tH\u0130LM\u0130 SAH\u0130L\t\t\t<\/h3>\n\t<\/div>\n\t\t\t\t<\/div>\n\t\t\t\t<\/div>\n\t\t\t\t<div class=\"elementor-element elementor-element-79a195b elementor-widget elementor-widget-text-editor\" data-id=\"79a195b\" data-element_type=\"widget\" data-widget_type=\"text-editor.default\">\n\t\t\t\t<div class=\"elementor-widget-container\">\n\t\t\t\t\t\t\t\t\t<p><a href=\"https:\/\/maps.app.goo.gl\/2HMecJnmJf4z2e887\">Babata\u015f\u0131 Mah.Cahit G\u00fcnd\u00fcz Cad. Sahil Band\u0131, <br \/>Fethiye, T\u00fcrkiye<\/a><\/p>\t\t\t\t\t\t\t\t<\/div>\n\t\t\t\t<\/div>\n\t\t\t\t<div class=\"elementor-element elementor-element-bd98b58 elementor-widget elementor-widget-text-editor\" data-id=\"bd98b58\" data-element_type=\"widget\" data-widget_type=\"text-editor.default\">\n\t\t\t\t<div class=\"elementor-widget-container\">\n\t\t\t\t\t\t\t\t\t<p><a href=\"tel:02526142232\">0 252 614 22 32<\/a><\/p><p>0 533 570 75 93<\/p>\t\t\t\t\t\t\t\t<\/div>\n\t\t\t\t<\/div>\n\t\t\t\t<div class=\"elementor-element elementor-element-d05a5e4 elementor-widget elementor-widget-image\" data-id=\"d05a5e4\" data-element_type=\"widget\" data-widget_type=\"image.default\">\n\t\t\t\t<div class=\"elementor-widget-container\">\n\t\t\t\t\t\t\t\t\t\t\t\t\t\t\t<img decoding=\"async\" width=\"2560\" height=\"1701\" src=\"https:\/\/www.hilmi.com.tr\/wp-content\/uploads\/2025\/06\/yapilan1-scaled.jpg\" class=\"attachment-full size-full wp-image-8658\" alt=\"\" srcset=\"https:\/\/www.hilmi.com.tr\/wp-content\/uploads\/2025\/06\/yapilan1-scaled.jpg 2560w, https:\/\/www.hilmi.com.tr\/wp-content\/uploads\/2025\/06\/yapilan1-300x199.jpg 300w, https:\/\/www.hilmi.com.tr\/wp-content\/uploads\/2025\/06\/yapilan1-1024x680.jpg 1024w, https:\/\/www.hilmi.com.tr\/wp-content\/uploads\/2025\/06\/yapilan1-768x510.jpg 768w, https:\/\/www.hilmi.com.tr\/wp-content\/uploads\/2025\/06\/yapilan1-1536x1021.jpg 1536w, https:\/\/www.hilmi.com.tr\/wp-content\/uploads\/2025\/06\/yapilan1-2048x1361.jpg 2048w, https:\/\/www.hilmi.com.tr\/wp-content\/uploads\/2025\/06\/yapilan1-600x399.jpg 600w\" sizes=\"(max-width: 2560px) 100vw, 2560px\" \/>\t\t\t\t\t\t\t\t\t\t\t\t\t\t\t<\/div>\n\t\t\t\t<\/div>\n\t\t\t\t<div class=\"elementor-element elementor-element-2796ba1 elementor-widget elementor-widget-html\" data-id=\"2796ba1\" data-element_type=\"widget\" data-widget_type=\"html.default\">\n\t\t\t\t<div class=\"elementor-widget-container\">\n\t\t\t\t\t<iframe src=\"https:\/\/www.google.com\/maps\/embed?pb=!1m18!1m12!1m3!1d3201.707906575435!2d29.11745371073395!3d36.63341697217958!2m3!1f0!2f0!3f0!3m2!1i1024!2i768!4f13.1!3m3!1m2!1s0x14c0416175ce8663%3A0x2292049cfe42fb2a!2sHilmi%20Restaurant!5e0!3m2!1str!2str!4v1749557318288!5m2!1str!2str\" width=\"600\" height=\"450\" style=\"border:0;\" allowfullscreen=\"\" loading=\"lazy\" referrerpolicy=\"no-referrer-when-downgrade\"><\/iframe>\t\t\t\t<\/div>\n\t\t\t\t<\/div>\n\t\t\t\t\t<\/div>\n\t\t<\/div>\n\t\t\t\t\t<\/div>\n\t\t<\/section>\n\t\t\t\t<\/div>\n\t\t","protected":false},"excerpt":{"rendered":"<p>H\u0130LM\u0130 BALIK PAZARI Cumhuriyet Mahallesi Bal\u0131k Hali No:53\/54 Fethiye, T\u00fcrkiye 0 252 612 91 92 0 535 653 80 40 H\u0130LM\u0130 SAH\u0130L Babata\u015f\u0131 Mah.Cahit G\u00fcnd\u00fcz Cad. Sahil Band\u0131, Fethiye, T\u00fcrkiye 0 252 614 22 32 0 533 570 75 93<\/p>\n","protected":false},"author":1,"featured_media":8732,"parent":0,"menu_order":0,"comment_status":"closed","ping_status":"closed","template":"page-full-width.php","meta":{"footnotes":""},"class_list":["post-2236","page","type-page","status-publish","has-post-thumbnail","hentry"],"_links":{"self":[{"href":"https:\/\/www.hilmi.com.tr\/index.php?rest_route=\/wp\/v2\/pages\/2236","targetHints":{"allow":["GET"]}}],"collection":[{"href":"https:\/\/www.hilmi.com.tr\/index.php?rest_route=\/wp\/v2\/pages"}],"about":[{"href":"https:\/\/www.hilmi.com.tr\/index.php?rest_route=\/wp\/v2\/types\/page"}],"author":[{"embeddable":true,"href":"https:\/\/www.hilmi.com.tr\/index.php?rest_route=\/wp\/v2\/users\/1"}],"replies":[{"embeddable":true,"href":"https:\/\/www.hilmi.com.tr\/index.php?rest_route=%2Fwp%2Fv2%2Fcomments&post=2236"}],"version-history":[{"count":57,"href":"https:\/\/www.hilmi.com.tr\/index.php?rest_route=\/wp\/v2\/pages\/2236\/revisions"}],"predecessor-version":[{"id":10718,"href":"https:\/\/www.hilmi.com.tr\/index.php?rest_route=\/wp\/v2\/pages\/2236\/revisions\/10718"}],"wp:featuredmedia":[{"embeddable":true,"href":"https:\/\/www.hilmi.com.tr\/index.php?rest_route=\/wp\/v2\/media\/8732"}],"wp:attachment":[{"href":"https:\/\/www.hilmi.com.tr\/index.php?rest_route=%2Fwp%2Fv2%2Fmedia&parent=2236"}],"curies":[{"name":"wp","href":"https:\/\/api.w.org\/{rel}","templated":true}]}}